21 (base 7) to base 6
32253
Convert -3084 (base 15) to base 14.
-3a41
Convert 18c1 (base 13) to base 16.
e7a
What is -1011001011000 (base 2) in base 11?
-4330
Convert 43213 (base 5) to base 14.
10d7
What is 12211220 (base 4) in base 3?
1101000102
Convert -622 (base 8) to base 7.
-1113
Convert 42243 (base 6) to base 12.
3383
What is -144630 (base 8) in base 12?
-25a48
-2664 (base 14) to base 9
-10232
310 (base 11) to base 12
272
Convert -1382 (base 13) to base 7.
-11123
Convert 29123 (base 10) to base 12.
14a2b
-41b1 (base 14) to base 15
-3552
-1045411 (base 6) to base 12
-26867
Convert -178 (base 9) to base 10.
-152
Convert -221032 (base 5) to base 16.
-1dda
-2a4 (base 11) to base 16
-164
-4555 (base 8) to base 12
-1491
-776 (base 8) to base 11
-424
Convert -321 (base 7) to base 2.
-10100010
Convert -101110100001 (base 2) to base 15.
-d37
What is -1079 (base 13) in base 9?
-3132
What is 11133232 (base 4) in base 12?
1103a
-4956 (base 13) to base 9
-15213
What is -100010000100 (base 2) in base 8?
-4204
What is 1d1d (base 16) in base 2?
1110100011101
Convert 11531 (base 6) to base 13.
a18
45160 (base 7) to base 12
672a
What is -2002334 (base 5) in base 7?
-161053
Convert -18 (base 11) to base 5.
-34
-279 (base 14) to base 4
-13303
-112111010 (base 3) to base 7
-42534
-47b8 (base 12) to base 8
-17574
-1201 (base 4) to base 16
-61
-1074a (base 15) to base 6
-1041554
-4165 (base 11) to base 9
-7508
What is 310310 (base 4) in base 6?
23352
What is -655 (base 9) in base 13?
-323
Convert -111100101 (base 2) to base 5.
-3420
What is 2b1c (base 14) in base 8?
16766
What is 135 (base 9) in base 7?
221
Convert -22b0 (base 16) to base 11.
-6743
1034042 (base 5) to base 9
26644
What is -10011101 (base 2) in base 14?
-b3
What is -1152 (base 7) in base 10?
-429
Convert -11936 (base 11) to base 5.
-1021400
What is -220210022 (base 3) in base 11?
-12639
What is -3585 (base 10) in base 15?
-10e0
What is -24670 (base 8) in base 4?
-2212320
What is -214421 (base 8) in base 2?
-10001100100010001
What is -3145 (base 7) in base 11?
-920
1213 (base 10) to base 12
851
What is 32023 (base 7) in base 3?
101211211
What is -322610 (base 7) in base 2?
-1101101110010010
What is -44042 (base 5) in base 12?
-18ba
Convert 7174 (base 13) to base 6.
200231
db8 (base 16) to base 11
2703
Convert -100100011 (base 2) to base 4.
-10203
-534 (base 6) to base 7
-406
Convert 110330 (base 4) to base 5.
20330
2317 (base 9) to base 14
8a9
-1001111110 (base 2) to base 11
-530
What is 2321 (base 5) in base 2?
101010000
What is -1233202 (base 4) in base 8?
-15742
202112012 (base 3) to base 10
14963
Convert 7b42 (base 14) to base 3.
1002101102
Convert 2112100022 (base 3) to base 7.
265154
What is -1330 (base 5) in base 7?
-425
252 (base 13) to base 2
110010101
-31032023 (base 4) to base 5
-3213110
-160 (base 10) to base 14
-b6
Convert 646 (base 10) to base 6.
2554
-9a4 (base 14) to base 16
-774
What is 1200 (base 7) in base 13?
27c
Convert -10101010100100 (base 2) to base 13.
-4c79
Convert 2661 (base 11) to base 10.
3455
-1120120212 (base 3) to base 5
-1443141
-1252 (base 8) to base 14
-36a
What is 144 (base 10) in base 8?
220
Convert 1240 (base 13) to base 14.
d2b
-318 (base 10) to base 2
-100111110
Convert 706 (base 8) to base 12.
31a
What is 21c (base 13) in base 5?
2423
248 (base 14) to base 12
320
What is 10245 (base 9) in base 12?
3ab8
24c (base 15) to base 12
376
1819 (base 14) to base 8
10357
Convert -41070 (base 9) to base 5.
-1331121
-1941 (base 11) to base 2
-100110100001
Convert -21245 (base 8) to base 3.
-110011111
What is 102 (base 12) in base 8?
222
What is -1001210222 (base 3) in base 6?
-241125
2011101 (base 3) to base 10
1576
2b2e (base 15) to base 10
9269
11aa (base 14) to base 10
3090
Convert -6088 (base 13) to base 8.
-31756
What is 10100110 (base 2) in base 8?
246
What is 220130 (base 4) in base 16?
a1c
What is 1404 (base 6) in base 10?
364
-1426b (base 12) to base 13
-c9a4
What is 465 (base 8) in base 11?
261
Convert -642 (base 11) to base 16.
-304
-43231 (base 6) to base 7
-23161
102 (base 6) to base 11
35
What is -23c (base 15) in base 9?
-623
144314 (base 5) to base 14
2397
Convert 3555 (base 6) to base 8.
1537
Convert -344110 (base 5) to base 9.
-18013
What is -2224443 (base 5) in base 16?
-99cd
Convert -378 (base 14) to base 9.
-851
-1a67 (base 11) to base 12
-161a
Convert -24123 (base 6) to base 16.
-db3
Convert 290 (base 12) to base 15.
1b6
What is 532 (base 15) in base 11?
976
421 (base 7) to base 5
1321
-36 (base 10) to base 9
-40
Convert 1001011111101 (base 2) to base 3.
20200001
What is -834 (base 15) in base 12?
-10a1
Convert -332 (base 6) to base 5.
-1003
What is 500 (base 12) in base 4?
23100
What is -3c2 (base 13) in base 11?
-555
Convert 330 (base 15) to base 5.
10340
-3b2 (base 14) to base 4
-23220
What is 41130 (base 5) in base 10?
2665
111110000 (base 2) to base 12
354
-663c (base 15) to base 6
-244133
-5b0 (base 12) to base 11
-705
Convert -21250 (base 6) to base 9.
-3883
3032 (base 5) to base 4
12020
Convert 10110101001 (base 2) to base 16.
5a9
Convert 367 (base 14) to base 2.
1010100111
Convert -1685 (base 10) to base 16.
-695
What is 121212 (base 4) in base 8?
3146
-bd (base 15) to base 13
-109
Convert -21506 (base 11) to base 2.
-111100111111000
Convert 2173 (base 9) to base 4.
121011
Convert 16111 (base 7) to base 16.
11a4
Convert -112040 (base 7) to base 15.
-5d82
What is 3abb (base 13) in base 12?
4a6b
1251 (base 7) to base 15
21c
11147 (base 11) to base 3
211010221
5123 (base 7) to base 10
1781
-2c4 (base 14) to base 13
-345
-1a (base 11) to base 10
-21
Convert 20058 (base 11) to base 8.
71241
What is 34a (base 14) in base 2?
1010001110
3011221 (base 4) to base 13
59b0
-442a (base 12) to base 16
-1d62
Convert -6263 (base 9) to base 12.
-27a9
1000133 (base 4) to base 15
1352
Convert 1659 (base 10) to base 2.
11001111011
14003 (base 7) to base 6
25252
-1122 (base 8) to base 10
-594
Convert -928 (base 11) to base 5.
-13434
Convert 1243 (base 12) to base 7.
6012
Convert -1e3 (base 16) to base 8.
-743
Convert -50a (base 12) to base 3.
-1000001
-3027 (base 10) to base 11
-2302
1265 (base 12) to base 11
1633
Convert 768 (base 10) to base 11.
639
What is 1dd (base 15) in base 12?
301
Convert 210120100 (base 3) to base 4.
3311223
-112301 (base 5) to base 10
-4076
-16a62 (base 12) to base 4
-13331222
What is -66d (base 16) in base 3?
-2020221
What is -78c9 (base 14) in base 5?
-1132303
Convert -1553 (base 9) to base 11.
-985
What is -3114 (base 6) in base 12?
-49a
What is -452 (base 6) in base 7?
-341
Convert 5008 (base 10) to base 11.
3843
What is 1110101001 (base 2) in base 5?
12222
What is -2742 (base 8) in base 12?
-a56
What is cee8 (base 15) in base 9?
66152
10001111111101000 (base 2) to base 5
4324304
What is 2738 (base 13) in base 11?
4253
What is -1344 (base 6) in base 3?
-111001
295 (base 15) to base 13
365
What is 2545 (base 7) in base 5?
12324
What is 20111121 (base 3) in base 6?
33541
100200210 (base 3) to base 2
1101110011100
Convert 4210 (base 12) to base 4.
1300230
-87752 (base 9) to base 13
-20654
101111011101011 (base 2) to base 6
304255
Convert 166a (base 16) to base 7.
22505
Convert -165 (base 7) to base 10.
-96
What is 332113 (base 4) in base 5?
111431
What is 10 (base 3) in base 9?
3
Convert -735 (base 9) to base 14.
-30b
What is -222211 (base 3) in base 7?
-2053
-37cb (base 14) to base 13
-45b7
Convert -63b (base 12) to base 9.
-1222
What is 220211202 (base 3) in base 9?
26752
Convert 307 (base 8) to base 12.
147
What is -7604 (base 11) in base 2?
-10011100111111
885 (base 10) to base 3
1012210
Convert -199 (base 14) to base 16.
-14b
What is -10100010100010 (base 2) in base 12?
-602a
Convert -11115 (base 6) to base 12.
-a9b
203330 (base 4) to base 14
ba4
11220 (base 6) to base 15
716
1212001 (base 3) to base 7
3640
35313 (base 10) to base 7
204645
What is 20121212 (base 3) in base 13?
2276
What is -147 (base 16) in base 15?
-16c
53a9 (base 15) to base 10
17709
What is 1010100111000 (base 2) in base 6?
41052
What is 155 (base 14) in base 9?
331
Convert 43 (base 8) to base 12.
2b
1d0 (base 14) to base 6
1430
-6d67 (base 14) to base 11
-13397
What is -1121020 (base 3) in base 9?
-1536
What is -44230 (base 5) in base 10?
-3065
Conv